{"id":2216,"date":"2023-12-15T12:06:25","date_gmt":"2023-12-15T11:06:25","guid":{"rendered":"https:\/\/hrachovec.valmez.cz\/?page_id=2216"},"modified":"2023-12-20T13:43:35","modified_gmt":"2023-12-20T12:43:35","slug":"pecet-hrachovce","status":"publish","type":"page","link":"https:\/\/hrachovec.valmez.cz\/?page_id=2216","title":{"rendered":"Pe\u010de\u0165 Hrachovce"},"content":{"rendered":"\n<figure class=\"wp-block-image alignright size-large is-resized\"><img loading=\"lazy\" decoding=\"async\" width=\"1024\" height=\"1024\" src=\"https:\/\/hrachovec.valmez.cz\/wp-content\/uploads\/2023\/09\/HPB-6-1024x1024.png\" alt=\"\" class=\"wp-image-1331\" style=\"width:183px;height:auto\" srcset=\"https:\/\/hrachovec.valmez.cz\/wp-content\/uploads\/2023\/09\/HPB-6-1024x1024.png 1024w, https:\/\/hrachovec.valmez.cz\/wp-content\/uploads\/2023\/09\/HPB-6-300x300.png 300w, https:\/\/hrachovec.valmez.cz\/wp-content\/uploads\/2023\/09\/HPB-6-150x150.png 150w, https:\/\/hrachovec.valmez.cz\/wp-content\/uploads\/2023\/09\/HPB-6-768x768.png 768w, https:\/\/hrachovec.valmez.cz\/wp-content\/uploads\/2023\/09\/HPB-6-1536x1536.png 1536w, https:\/\/hrachovec.valmez.cz\/wp-content\/uploads\/2023\/09\/HPB-6-2048x2048.png 2048w\" sizes=\"auto, (max-width: 1024px) 100vw, 1024px\" \/><\/figure>\n\n\n\n<p>Podle dochovan\u00fdch z\u00e1znam\u016f, stejn\u011b\u00a0jako v\u011bt\u0161ina obc\u00ed na Vala\u0161sku (podobn\u00e9 pe\u010det\u011b, St\u0159\u00edte\u017e nad Be\u010dvou, Vala\u0161sk\u00e1 Byst\u0159ice, Mal\u00e1 Byst\u0159ice, Pozd\u011bchov, Prost\u0159edn\u00ed Be\u010dva, Br\u0148ov, Vigantice a dal\u0161\u00ed) i\u00a0obec Hrachovec pou\u017e\u00edval v\u00a018.\u00a0stolet\u00ed svou pe\u010de\u0165 (1731), kter\u00e1 je z\u0159ejm\u011b ulo\u017eena v\u00a0Moravsk\u00e9m zemsk\u00e9m archivu v\u00a0Brn\u011b, ve\u00a0sb\u00edrce odlitk\u016f z\u00a0roku1731.<\/p>\n\n\n\n<p>Pe\u010de\u0165 je kruhov\u00e1, o&nbsp;pr\u016fm\u011bru asi 28&nbsp;mm, na&nbsp;kter\u00e9 je v&nbsp;pe\u010detn\u00edm poli heraldicky zobrazeno: V&nbsp;jej\u00edm st\u0159edu je um\u00edst\u011bna radlice ost\u0159\u00edm doprava a \u0161pic\u00ed nahoru, nad jej\u00ed \u0161pic\u00ed o\u0159\u00ed\u0161ek s&nbsp;tzv.&nbsp;k\u0159id\u00e9lky (na\u017eka)-naz\u00fdv\u00e1 se&nbsp;listen. V&nbsp;horn\u00ed \u010d\u00e1sti pole po stran\u00e1ch radlice letopo\u010det 1731, v&nbsp;doln\u00ed \u010d\u00e1sti rostlinn\u00e9 ornamenty, ratolesti z\u0159ejm\u011b habrov\u00e9. V&nbsp;okru\u017e\u00ed mezi linkami je opis majuskulou \u201eOBECNI HRACHOWECKA PECET\u201c.<\/p>\n\n\n\n<figure class=\"wp-block-image alignleft is-resized\"><img decoding=\"async\" src=\"https:\/\/lh7-us.googleusercontent.com\/HCdYPZvZQJn5q1LEK1lCmalDEoEBU1Eo997eCjbp2HfPtYVmk2HyUwmK9gkBVsWVaHnvLJnx0mQx6djNTO48daNx2IUUjsgVNMhvX7BRkaKuy0SYHekJDAfFb1NV0cI4yRmoTlI1YkLJRNuZuZ6DTEEZzVxFcBIRMgiGv2UZ_oD9D1usjlfJI16vcnv5cZZ9\" alt=\"C:\\Users\\Meldy\\Desktop\\St\u0159\u00edte\u017e_nad_Be\u010dvou_pe\u010de\u0165.png\" style=\"width:200px\"\/><figcaption class=\"wp-element-caption\">Pe\u010de\u0165 obce St\u0159\u00edte\u017e nad Be\u010dvou<\/figcaption><\/figure>\n\n\n\n<figure class=\"wp-block-image alignleft is-resized\"><img decoding=\"async\" src=\"https:\/\/lh7-us.googleusercontent.com\/mxSuXPv6BPIUP1fFEgGbDsYrtjRGhvQK3uyCjp2wEU13J5IYFppGaGMXCvrXo8Z-72oADWjhLHbgehoWo-x_WYA5ekQfp3NfPUSP3ML29-Z7NrHQ0O8QDinvykJqb07fZ9XXta0em4nkiczup19dWDMg01UtdzAiaHFI7gMzHuXbj57xr2jT3axWmJC8dVT4\" alt=\"C:\\Users\\Meldy\\Desktop\\Vala\u0161sk\u00e1_Byst\u0159ice_pe\u010de\u0165.png\" style=\"width:195px\"\/><figcaption class=\"wp-element-caption\">Pe\u010de\u0165 obce Vala\u0161sk\u00e1 Byst\u0159ice<\/figcaption><\/figure>\n\n\n\n<figure class=\"wp-block-image alignleft is-resized\"><img decoding=\"async\" src=\"https:\/\/lh7-us.googleusercontent.com\/LUGvae9ZqDJ1MW6tkON-PzEWxA6l_WXxRa3iZhSBUpCWG-kH6vRbS--A4AVhN_iCq9ooftoVbt-UlI5LfJozmEIQe2plR75ge9fKnfCviHcC_Rhw_fAVmiWtE_GkDwIzasVyBZ4Pdxw2pn8V8ijxxXgoDCAAi1mZleTvYCvTB1TpBqtXFFJKgGT-euQsslEi\" alt=\"C:\\Users\\Meldy\\Desktop\\st\u00e1hnout Mal\u00e1 Byst\u0159ice.jpg\" style=\"width:200px\"\/><figcaption class=\"wp-element-caption\">Pe\u010de\u0165 obce Mal\u00e1\u00a0 Byst\u0159ice<\/figcaption><\/figure>\n\n\n\n<figure class=\"wp-block-image alignleft is-resized\"><img decoding=\"async\" src=\"https:\/\/lh7-us.googleusercontent.com\/6nKCr2PcUVTyDuNcnHMlxMDCyv9tG9ufgwncwBZVmxVwiT0eC4SFIuqyXmQD0De5eWmgJX_iE7vNO5-LRwW9swDZ3lDRRPdPITTYpZJG6c66W8uD2t3-aCuOdT5DkS410l1GwrAsfbMUttWdf8rj3lhxPMCbSwrDnC5pwJQKD4RSikxgC5C3xus_Vnc8N0AQ\" alt=\"C:\\Users\\Meldy\\Desktop\\Pozd\u011bchov.jpg\" style=\"width:200px\"\/><figcaption class=\"wp-element-caption\">Pe\u010de\u0165 obce Pozd\u011bchov<\/figcaption><\/figure>\n\n\n\n<figure class=\"wp-block-image alignleft is-resized\"><img decoding=\"async\" src=\"https:\/\/lh7-us.googleusercontent.com\/RI6RiO15S6AqyaKdumQOU4x5q8ZUFDhmNgwNISAnFfa__saJ4GoFSzATO9utrMJy6U4hEVV60IP70CamMpiSgEh4gI2f546JL9gITJEiUSL-wFD5l1oozF8t2mzn3TLyNPANRvH80xufA16epMXMGbqfH8OYN9X-WlnrOxtV_3mCuMg8mITYF7RoiYHjPQB-\" alt=\"C:\\Users\\Meldy\\Desktop\\Pr. Be\u010dva.jpg\" style=\"width:200px\"\/><figcaption class=\"wp-element-caption\">Pe\u010de\u0165 obce Prost\u0159edn\u00ed Be\u010dva<\/figcaption><\/figure>\n\n\n\n<p>\u00a0\u00a0\u00a0\u00a0\u00a0\u00a0\u00a0\u00a0<\/p>\n","protected":false},"excerpt":{"rendered":"<p>Podle dochovan\u00fdch z\u00e1znam\u016f, stejn\u011b\u00a0jako v\u011bt\u0161ina obc\u00ed na Vala\u0161sku (podobn\u00e9 pe\u010det\u011b, St\u0159\u00edte\u017e nad Be\u010dvou, Vala\u0161sk\u00e1 Byst\u0159ice, Mal\u00e1 Byst\u0159ice, Pozd\u011bchov, Prost\u0159edn\u00ed Be\u010dva,<\/p>\n","protected":false},"author":2,"featured_media":0,"parent":0,"menu_order":0,"comment_status":"closed","ping_status":"closed","template":"","meta":{"colormag_page_container_layout":"default_layout","colormag_page_sidebar_layout":"default_layout","ngg_post_thumbnail":0,"_mc_calendar":[],"footnotes":""},"class_list":["post-2216","page","type-page","status-publish","hentry"],"_links":{"self":[{"href":"https:\/\/hrachovec.valmez.cz\/index.php?rest_route=\/wp\/v2\/pages\/2216","targetHints":{"allow":["GET"]}}],"collection":[{"href":"https:\/\/hrachovec.valmez.cz\/index.php?rest_route=\/wp\/v2\/pages"}],"about":[{"href":"https:\/\/hrachovec.valmez.cz\/index.php?rest_route=\/wp\/v2\/types\/page"}],"author":[{"embeddable":true,"href":"https:\/\/hrachovec.valmez.cz\/index.php?rest_route=\/wp\/v2\/users\/2"}],"replies":[{"embeddable":true,"href":"https:\/\/hrachovec.valmez.cz\/index.php?rest_route=%2Fwp%2Fv2%2Fcomments&post=2216"}],"version-history":[{"count":2,"href":"https:\/\/hrachovec.valmez.cz\/index.php?rest_route=\/wp\/v2\/pages\/2216\/revisions"}],"predecessor-version":[{"id":2267,"href":"https:\/\/hrachovec.valmez.cz\/index.php?rest_route=\/wp\/v2\/pages\/2216\/revisions\/2267"}],"wp:attachment":[{"href":"https:\/\/hrachovec.valmez.cz\/index.php?rest_route=%2Fwp%2Fv2%2Fmedia&parent=2216"}],"curies":[{"name":"wp","href":"https:\/\/api.w.org\/{rel}","templated":true}]}}

Pečeť Hrachovce

<figure class="wp-block-image alignright size-large is-resized"><img loading="lazy" decoding="async" width="1024" height="1024" src="https://hrachovec.valmez.cz/wp-content/uploads/2023/09/HPB-6-1024x1024.png" alt="" class="wp-image-1331" style="width:183px;height:auto" srcset="https://hrachovec.valmez.cz/wp-content/uploads/2023/09/HPB-6-1024x1024.png 1024w, https://hrachovec.valmez.cz/wp-content/uploads/2023/09/HPB-6-300x300.png 300w, https://hrachovec.valmez.cz/wp-content/uploads/2023/09/HPB-6-150x150.png 150w, https://hrachovec.valmez.cz/wp-content/uploads/2023/09/HPB-6-768x768.png 768w, https://hrachovec.valmez.cz/wp-content/uploads/2023/09/HPB-6-1536x1536.png 1536w, https://hrachovec.valmez.cz/wp-content/uploads/2023/09/HPB-6-2048x2048.png 2048w" sizes="auto, (max-width: 1024px) 100vw, 1024px" /></figure>



<p>Podle dochovaných záznamů, stejně jako většina obcí na Valašsku (podobné pečetě, Střítež nad Bečvou, Valašská Bystřice, Malá Bystřice, Pozděchov, Prostřední Bečva, Brňov, Vigantice a další) i obec Hrachovec používal v 18. století svou pečeť (1731), která je zřejmě uložena v Moravském zemském archivu v Brně, ve sbírce odlitků z roku1731.</p>



<p>Pečeť je kruhová, o&nbsp;průměru asi 28&nbsp;mm, na&nbsp;které je v&nbsp;pečetním poli heraldicky zobrazeno: V&nbsp;jejím středu je umístěna radlice ostřím doprava a špicí nahoru, nad její špicí oříšek s&nbsp;tzv.&nbsp;křidélky (nažka)-nazývá se&nbsp;listen. V&nbsp;horní části pole po stranách radlice letopočet 1731, v&nbsp;dolní části rostlinné ornamenty, ratolesti zřejmě habrové. V&nbsp;okruží mezi linkami je opis majuskulou „OBECNI HRACHOWECKA PECET“.</p>



<figure class="wp-block-image alignleft is-resized"><img decoding="async" src="https://lh7-us.googleusercontent.com/HCdYPZvZQJn5q1LEK1lCmalDEoEBU1Eo997eCjbp2HfPtYVmk2HyUwmK9gkBVsWVaHnvLJnx0mQx6djNTO48daNx2IUUjsgVNMhvX7BRkaKuy0SYHekJDAfFb1NV0cI4yRmoTlI1YkLJRNuZuZ6DTEEZzVxFcBIRMgiGv2UZ_oD9D1usjlfJI16vcnv5cZZ9" alt="C:\Users\Meldy\Desktop\Střítež_nad_Bečvou_pečeť.png" style="width:200px"/><figcaption class="wp-element-caption">Pečeť obce Střítež nad Bečvou</figcaption></figure>



<figure class="wp-block-image alignleft is-resized"><img decoding="async" src="https://lh7-us.googleusercontent.com/mxSuXPv6BPIUP1fFEgGbDsYrtjRGhvQK3uyCjp2wEU13J5IYFppGaGMXCvrXo8Z-72oADWjhLHbgehoWo-x_WYA5ekQfp3NfPUSP3ML29-Z7NrHQ0O8QDinvykJqb07fZ9XXta0em4nkiczup19dWDMg01UtdzAiaHFI7gMzHuXbj57xr2jT3axWmJC8dVT4" alt="C:\Users\Meldy\Desktop\Valašská_Bystřice_pečeť.png" style="width:195px"/><figcaption class="wp-element-caption">Pečeť obce Valašská Bystřice</figcaption></figure>



<figure class="wp-block-image alignleft is-resized"><img decoding="async" src="https://lh7-us.googleusercontent.com/LUGvae9ZqDJ1MW6tkON-PzEWxA6l_WXxRa3iZhSBUpCWG-kH6vRbS--A4AVhN_iCq9ooftoVbt-UlI5LfJozmEIQe2plR75ge9fKnfCviHcC_Rhw_fAVmiWtE_GkDwIzasVyBZ4Pdxw2pn8V8ijxxXgoDCAAi1mZleTvYCvTB1TpBqtXFFJKgGT-euQsslEi" alt="C:\Users\Meldy\Desktop\stáhnout Malá Bystřice.jpg" style="width:200px"/><figcaption class="wp-element-caption">Pečeť obce Malá  Bystřice</figcaption></figure>



<figure class="wp-block-image alignleft is-resized"><img decoding="async" src="https://lh7-us.googleusercontent.com/6nKCr2PcUVTyDuNcnHMlxMDCyv9tG9ufgwncwBZVmxVwiT0eC4SFIuqyXmQD0De5eWmgJX_iE7vNO5-LRwW9swDZ3lDRRPdPITTYpZJG6c66W8uD2t3-aCuOdT5DkS410l1GwrAsfbMUttWdf8rj3lhxPMCbSwrDnC5pwJQKD4RSikxgC5C3xus_Vnc8N0AQ" alt="C:\Users\Meldy\Desktop\Pozděchov.jpg" style="width:200px"/><figcaption class="wp-element-caption">Pečeť obce Pozděchov</figcaption></figure>



<figure class="wp-block-image alignleft is-resized"><img decoding="async" src="https://lh7-us.googleusercontent.com/RI6RiO15S6AqyaKdumQOU4x5q8ZUFDhmNgwNISAnFfa__saJ4GoFSzATO9utrMJy6U4hEVV60IP70CamMpiSgEh4gI2f546JL9gITJEiUSL-wFD5l1oozF8t2mzn3TLyNPANRvH80xufA16epMXMGbqfH8OYN9X-WlnrOxtV_3mCuMg8mITYF7RoiYHjPQB-" alt="C:\Users\Meldy\Desktop\Pr. Bečva.jpg" style="width:200px"/><figcaption class="wp-element-caption">Pečeť obce Prostřední Bečva</figcaption></figure>



<p>        </p>

<p>Podle dochovaných záznamů, stejně jako většina obcí na Valašsku (podobné pečetě, Střítež nad Bečvou, Valašská Bystřice, Malá Bystřice, Pozděchov, Prostřední Bečva,</p>
